r of 2960 and 16?
16
What is the highest common factor of 81 and 2367?
9
What is the greatest common factor of 34 and 7446?
34
What is the greatest common divisor of 630 and 11130?
210
Calculate the greatest common divisor of 474 and 6.
6
What is the greatest common factor of 16 and 848?
16
Calculate the highest common divisor of 11659 and 131.
131
What is the highest common divisor of 1309 and 77?
77
What is the highest common factor of 77 and 1309?
77
Calculate the greatest common factor of 16 and 864.
16
What is the greatest common factor of 384 and 18?
6
Calculate the greatest common factor of 78 and 19617.
39
What is the greatest common factor of 2252 and 120?
4
Calculate the highest common factor of 2150 and 3096.
86
Calculate the highest common divisor of 52 and 494.
26
What is the highest common divisor of 11 and 5951?
11
Calculate the greatest common divisor of 70 and 15.
5
Calculate the highest common factor of 60 and 48.
12
What is the greatest common factor of 29977 and 93?
31
What is the highest common factor of 4 and 44?
4
What is the highest common factor of 65 and 1105?
65
What is the highest common factor of 3516 and 12?
12
Calculate the greatest common divisor of 864 and 16.
16
Calculate the greatest common factor of 198 and 1848.
66
Calculate the greatest common divisor of 303 and 101.
101
Calculate the highest common factor of 7 and 301.
7
What is the greatest common factor of 150 and 325?
25
What is the greatest common factor of 912 and 72?
24
Calculate the highest common divisor of 35 and 5915.
35
What is the greatest common divisor of 520 and 104?
104
What is the greatest common factor of 66 and 330?
66
Calculate the highest common divisor of 2350 and 75.
25
Calculate the highest common factor of 1012 and 374.
22
Calculate the highest common divisor of 264 and 48.
24
What is the greatest common divisor of 14595 and 70?
35
What is the greatest common factor of 207 and 27?
9
Calculate the highest common divisor of 64 and 1864.
8
What is the greatest common factor of 105 and 63?
21
What is the highest common factor of 150 and 210?
30
What is the greatest common divisor of 152 and 76?
76
Calculate the highest common factor of 58 and 377.
29
What is the highest common factor of 25 and 7600?
25
Calculate the highest common divisor of 12 and 148.
4
What is the highest common divisor of 93 and 6603?
93
What is the highest common divisor of 3906 and 31?
31
What is the highest common divisor of 2410 and 90?
10
Calculate the greatest common factor of 159 and 583.
53
What is the highest common factor of 1403 and 115?
23
Calculate the greatest common factor of 780 and 45.
15
Calculate the highest common factor of 215 and 145.
5
What is the greatest common divisor of 24 and 904?
8
Calculate the highest common factor of 122 and 100.
2
What is the highest common divisor of 477 and 53?
53
What is the highest common factor of 188 and 4?
4
Calculate the greatest common divisor of 437 and 23.
23
Calculate the highest common factor of 168 and 504.
168
Calculate the greatest common factor of 231 and 21.
21
Calculate the highest common factor of 212 and 954.
106
What is the greatest common divisor of 39 and 3757?
13
Calculate the greatest common factor of 222 and 24.
6
Calculate the highest common divisor of 2585 and 385.
55
Calculate the greatest common divisor of 80 and 1280.
80
What is the highest common divisor of 38 and 171?
19
Calculate the greatest common divisor of 2650 and 50.
50
What is the highest common divisor of 9571 and 17?
17
Calculate the highest common factor of 49 and 1323.
49
Calculate the highest common factor of 504 and 360.
72
Calculate the greatest common factor of 138 and 2438.
46
Calculate the highest common divisor of 870 and 30.
30
What is the highest common divisor of 228 and 24?
12
What is the greatest common divisor of 900 and 200?
100
What is the highest common divisor of 4 and 92?
4
Calculate the highest common divisor of 32 and 3376.
16
What is the greatest common divisor of 4602 and 234?
78
What is the greatest common divisor of 275 and 5125?
25
What is the greatest common divisor of 625 and 75?
25
Calculate the greatest common divisor of 66 and 699.
3
What is the highest common divisor of 288 and 117?
9
Calculate the highest common factor of 1854 and 144.
18
Calculate the highest common factor of 208 and 546.
26
What is the highest common divisor of 1420 and 40?
20
What is the greatest common divisor of 128 and 4?
4
What is the greatest common factor of 3045 and 180?
15
Calculate the highest common divisor of 1078 and 70.
14
Calculate the highest common divisor of 651 and 279.
93
What is the greatest common divisor of 254 and 52?
2
What is the highest common divisor of 21 and 49?
7
What is the greatest common divisor of 81 and 306?
9
Calculate the highest common factor of 319 and 58.
29
What is the greatest common divisor of 100 and 425?
25
Calculate the highest common divisor of 22041 and 279.
279
What is the highest common factor of 900 and 36?
36
Calculate the greatest common factor of 57 and 18.
3
Calculate the highest common divisor of 15 and 35355.
15
What is the highest common divisor of 539 and 671?
11
Calculate the greatest common divisor of 80 and 208.
16
Calculate the greatest common divisor of 155 and 52235.
155
Calculate the greatest common divisor of 7688 and 1240.
248
Calculate the greatest common divisor of 126 and 714.
42
Calculate the highest common divisor of 4403 and 185.
37
Calculate the greatest common factor of 231 and 8799.
21
What is the highest common divisor of 55 and 5?
5
What is the greatest common factor of 17914 and 53?
53
What is the highest common divisor of 98 and 147?
49
Calculate the greatest common factor of 19272 and 132.
132
Calculate the greatest common divisor of 432 and 3600.
144
What is the greatest common divisor of 32 and 64?
32
What is the greatest common factor of 702 and 162?
54
Calculate the highest common factor of 24756 and 12.
12
What is the highest common factor of 561 and 51?
51
Calculate the greatest common divisor of 24 and 368.
8
Calculate the greatest common factor of 11 and 1507.
11
Calculate the highest common factor of 18 and 2.
2
What is the greatest common factor of 5 and 1805?
5
What is the highest common factor of 1160 and 80?
40
What is the highest common factor of 18508 and 112?
28
Calculate the greatest common factor of 4070 and 110.
110
What is the highest common factor of 5 and 80?
5
What is the highest common factor of 120 and 180?
60
Calculate the highest common factor of 125 and 15.
5
What is the greatest common divisor of 403 and 31?
31
Calculate the greatest common factor of 280 and 10780.
140
What is the highest common factor of 330 and 6780?
30
What is the highest common factor of 564 and 1316?
188
Calculate the greatest common factor of 16 and 208.
16
What is the highest common divisor of 2241 and 332?
83
What is the highest common divisor of 42 and 266?
14
Calculate the highest common factor of 27 and 45.
9
What is the highest common factor of 288 and 8608?
32
Calculate the highest common divisor of 20949 and 3.
3
Calculate the highest common divisor of 198 and 4422.
66
What is the highest common factor of 228 and 2394?
114
Calculate the greatest common divisor of 168 and 3388.
28
Calculate the highest common divisor of 76 and 950.
38
What is the highest common factor of 299 and 23?
23
Calculate the greatest common factor of 468 and 910.
26
What is the greatest common factor of 1542 and 78?
6
Calculate the greatest common divisor of 21 and 6.
3
Calculate the greatest common divisor of 20 and 524.
4
What is the greatest common factor of 336 and 7?
7
What is the greatest common factor of 207 and 2714?
23
What is the highest common divisor of 69 and 3?
3
Calculate the greatest common divisor of 61 and 671.
61
Calculate the highest common divisor of 345 and 276.
69
Calculate the greatest common factor of 4089 and 87.
87
Calculate the greatest common factor of 95 and 380.
95
What is the greatest common factor of 18 and 144?
18
Calculate the highest common divisor of 24 and 168.
24
Calculate the highest common factor of 270 and 10.
10
Calculate the greatest common divisor of 2324 and 28.
28
Calculate the greatest common divisor of 